 r)*-1. Calculate the greatest common divisor of 3 and i.
3
Let j = -13 - -13. Let k be 76 + (j - 2 - -1). Calculate the highest common divisor of 25 and k.
25
Suppose 5*i - 229 = 131. What is the greatest common factor of i and 8?
8
Let g(u) = u**2 - 6*u + 3. Let l be g(6). Suppose 0 = i - 4 - l. Calculate the greatest common divisor of i and 35.
7
Let l(z) be the first derivative of 2*z**2 - 4. Let n be l(1). Suppose -4*s + 183 = -5*c, -3*s + 96 = -s - n*c. What is the highest common divisor of 6 and s?
6
Suppose 3*c - 155 = -2*c. What is the greatest common divisor of 155 and c?
31
Suppose -4*m - 4 = 4, -5*r + 167 = 4*m. Calculate the highest common factor of r and 385.
35
Let b be (-2 - 1)*(12/18 - 3). Calculate the highest common divisor of b and 119.
7
Let r be (-1)/(-2)*-2*-4. Let s = -74 + 82. What is the greatest common factor of s and r?
4
Suppose -3*u - 2*x + 11 = -2*u, -40 = -5*u + 5*x. Let o = 21 + -12. What is the greatest common divisor of u and o?
9
Let f(g) = -g**3 + 8*g**2 + 2*g - 3. Let p be f(7). What is the greatest common factor of p and 24?
12
Suppose 3*h + 4*f - 285 = 3*f, 3*h = 4*f + 285. Let l(d) = 7*d - 2. Let q be l(3). Calculate the greatest common divisor of q and h.
19
Suppose -2*o - x + 392 = 0, -3*o + 3*x + 1002 = 2*o. Calculate the highest common divisor of o and 22.
22
Let s(n) = 3*n - 33. Let d be s(19). Calculate the greatest common factor of d and 12.
12
Suppose -2*b - 2*g = -194 - 58, 4*b - g = 479. What is the greatest common factor of 11 and b?
11
Let u = -60 + 39. Let g be 5 + (-7)/(u/(-6)). Let v = 6 - g. Calculate the highest common factor of 1 and v.
1
Suppose y = -2*u + 50 - 5, y = -u + 40. Suppose -5*v + i = -26, 0*v + 4*i + 14 = 2*v. Calculate the greatest common divisor of v and y.
5
Let p = -1 - -21. Suppose 3*n - n - 84 = 0. Let f be 3/(-6) + n/4. What is the highest common factor of f and p?
10
Suppose -2*a - 98 = -6*a - 2*b, 9 = -3*b. Let x = -14 + a. Calculate the greatest common divisor of x and 84.
12
Let p(c) = c**3 + 2*c**2 + c. Let b be p(-2). Let i be (0 - 2)/b*16. What is the highest common divisor of 16 and i?
16
Let t = -2 - -3. Let i(d) = -9*d - 1. Suppose 0 = 4*o - 2 + 6. Let m be i(o). What is the highest common factor of t and m?
1
Let o be 0 + 1 + 1*-4. Let s be 3*5*(-2)/o. Suppose k - 30 = 5*d, k + 90 = 4*k + d. What is the greatest common factor of k and s?
10
Suppose 0 = m + 4*m - 80. Calculate the highest common factor of 8 and m.
8
Let n = 9 - 3. Calculate the highest common divisor of 15 and n.
3
Suppose -3 = -2*o + 1. Suppose 22 = r + 2*h, -4*h = 5*r - o*h - 86. Let p(t) = t**3 + 64. Let s be p(0). What is the highest common factor of r and s?
16
Suppose u - 32 - 1 = 0. Suppose -u = -5*n + 17. Calculate the highest common factor of 15 and n.
5
Let m = 18 - 17. Let l(h) = 43*h**3 + 2*h**2 - 2*h + 1. Let y be l(m). Calculate the highest common divisor of y and 4.
4
Suppose 4 = 5*u + 4*j - 16, 0 = 5*j. Let p be 6/(-12) - 68/(-16)*2. Calculate the greatest common divisor of u and p.
4
Let x be (0 - -1)*8 - -1. Suppose -15 = -4*m + x. Let o(d) = 2*d + 4. Let i be o(4). What is the greatest common factor of i and m?
6
Suppose 0 = -19*o + 17*o + 184. What is the highest common divisor of o and 69?
23
Let u = 229 - 119. Calculate the greatest common factor of u and 10.
10
Let n = 22 + -42. Let t be n/(-6)*48/4. What is the greatest common factor of t and 5?
5
Suppose 5*p - 11*p + 60 = 0. What is the highest common factor of p and 10?
10
Let w(h) = 5*h**2 - 8*h - 4. Let o be w(6). Suppose u - 19 + 3 = 0. Calculate the highest common divisor of o and u.
16
Let p(d) = -4*d - 12. Let m be p(-8). Calculate the greatest common factor of 4 and m.
4
Let w be (-10)/(-4)*(-44)/(-5). Calculate the highest common divisor of w and 88.
22
Suppose -10 - 53 = -7*l. Calculate the highest common factor of 63 and l.
9
Suppose -2*o = 1 - 5. What is the highest common factor of o and 3?
1
Suppose 5*c - 4*p = 45, c - 10 = 5*p - 4*p. Calculate the highest common divisor of c and 40.
5
Suppose -4*f = -2*f - 12. Let o(h) = -2*h + 1. Let m be o(-4). What is the highest common divisor of m and f?
3
Let r(m) = m**2 + 5*m - 4. Let i be r(-6). Let d = i + 4. Suppose -s + d = s. What is the highest common divisor of 3 and s?
3
Let d be ((-12)/10)/(12/(-1170)). Calculate the highest common divisor of 13 and d.
13
Suppose 30 = -j + 3*j. Calculate the highest common factor of j and 135.
15
Let f(u) = 8*u - 3. Let g be f(2). Let y = -1 + 2. Let r = g - y. Calculate the highest common divisor of 24 and r.
12
Let w = 15 + -9. Suppose -69 = -d - 2*p, -d - w*p + 2*p = -73. Calculate the greatest common factor of 13 and d.
13
Let o be (-68)/(-18) - (-16)/72. What is the greatest common factor of 44 and o?
4
Let g(f) = f**2 + 6*f - 7. Let s be g(-7). Let q = s + 0. Suppose q*b - 32 = -4*b. Calculate the highest common factor of 4 and b.
4
Let l be (8/6)/((-4)/6). Let n(w) = -3*w + 1 - 1. Let r be n(l). What is the highest common divisor of r and 54?
6
Let o be 24/(-15) + 1 - 403/(-5). What is the highest common factor of 10 and o?
10
Let o(s) = -s**2 - s - 2. Let z be o(-2). Let p = -1 - z. What is the highest common factor of p and 21?
3
Let z = -90 + 128. Calculate the greatest common factor of 76 and z.
38
Suppose 10 = 5*l - o, -2*l + 4*l = -o - 3. What is the greatest common factor of 11 and l?
1
Let n(x) = 17*x**2 - 5*x + 3. Let o be n(1). Let z be (-26)/(-8) - 2/8. Suppose -15 = -4*j + z*j. What is the greatest common divisor of j and o?
15
Let a(w) = 2*w**3 + 3*w**2 + 2*w + 5. Let t be a(4). What is the greatest common divisor of 21 and t?
21
Suppose -5*u = -44 + 14. Suppose -5*t = 2*z - 22, -2*t = 3*z + z - 12. Suppose 2*s = 16 - t. Calculate the highest common factor of u and s.
6
Let r = -30 + 37. What is the highest common divisor of r and 21?
7
Suppose -4*b + 64 = 16. Suppose -56 = -29*t + 292. Calculate the highest common divisor of b and t.
12
Let z = -9 - -3. Let d(a) = -a**2 - 6*a + 2. Let f be d(z). What is the greatest common factor of f and 20?
2
Suppose 2*h = 3*y + 24, 2*y - 38 = -h - 3*y. Let q = -8 + h. Let b be q/45 - (-1454)/18. What is the highest common divisor of 9 and b?
9
Let u = -24 - -36. Calculate the highest common divisor of 12 and u.
12
Let p = 14 + 18. Calculate the greatest common divisor of 160 and p.
32
Let c be (6/4)/(15/320). Suppose 6*h + c = 7*h. What is the highest common divisor of 80 and h?
16
Let n = -158 + 222. Calculate the greatest common factor of n and 8.
8
Let w be 38/3 + 8/(-12). Suppose -w + 2 = -5*m. Let a(p) = 5*p**2 - 3*p. Let g be a(m). What is the greatest common factor of g and 126?
14
Let b(g) = 2*g. Let r be b(6). Let x be 6/(-10) - 26/(-10). Suppose -x*t + 53 = -67. What is the highest common divisor of r and t?
12
Let z be (-2 - -3)/(2/50). What is the greatest common divisor of z and 175?
25
Let n = -3 - -1. Let f be 81 + 1 + n/1. Suppose 4*u = 5*r + 30, u + 4*r = 3*r + 12. What is the highest common divisor of u and f?
10
Let a(r) = 3*r**2 + 2*r - 2. Let l be a(-2). Suppose 0 = -5*p + 10 - 0. Let k be (9 - 3)*(p - -1). Calculate the highest common divisor of l and k.
6
Suppose z + 3*z - 200 = 0. Calculate the greatest common factor of 5 and z.
5
Let v be 1/((-3)/(-18) - 0). Suppose 40 + v = o. Calculate the greatest common divisor of 115 and o.
23
Let y = 3 - 0. Suppose y*p - 7*p + 5*v + 3 = 0, 5*p + 2*v = 45. Calculate the highest common factor of 63 and p.
7
Let v = 316 + -148. What is the greatest common factor of 48 and v?
24
Let s = -18 + 93. Let f be (1 - 0) + 0/(-1). Let l be (-14 - f)*(3 + -4). What is the greatest common factor of l and s?
15
Let u be 4/8*(-1 + -5). Let w be 1/(-3) - 16/u. Calculate the highest common divisor of 20 and w.
5
Suppose d = -34 + 45. What is the greatest common divisor of 1 and d?
1
Suppose -12*i + 24 = -9*i. Calculate the highest common divisor of i and 88.
8
Let q = 19 - 11. Let k be 2*-1*14/4. Let g = 11 + k. Calculate the greatest common factor of g and q.
4
Suppose -52 = -4*v + 4*n, -4*v = -n - 0*n - 49. Let a = 16 - 4. Calculate the highest common divisor of v and a.
12
Suppose i + i - 320 = 0. Suppose 0*t + 5*t = i. What is the greatest common divisor of t and 48?
16
Suppose 118 = 4*m - 74. What is the 